s the ten thousands digit of 14595?
1
What is the tens digit of 288?
8
What is the tens digit of 10183?
8
What is the tens digit of 43187?
8
What is the hundreds digit of 54560?
5
What is the hundreds digit of 820?
8
What is the tens digit of 5705?
0
What is the hundreds digit of 2233?
2
What is the units digit of 34042?
2
What is the hundreds digit of 260?
2
What is the tens digit of 286?
8
What is the tens digit of 4162?
6
What is the units digit of 949?
9
What is the tens digit of 1754?
5
What is the hundreds digit of 2210?
2
What is the units digit of 534?
4
What is the hundreds digit of 20791?
7
What is the units digit of 3669?
9
What is the hundreds digit of 28015?
0
What is the units digit of 24521?
1
What is the hundreds digit of 16110?
1
What is the hundred thousands digit of 130842?
1
What is the hundreds digit of 5724?
7
What is the tens digit of 879?
7
What is the tens digit of 23494?
9
What is the units digit of 34899?
9
What is the units digit of 31861?
1
What is the hundreds digit of 15375?
3
What is the units digit of 9808?
8
What is the tens digit of 5054?
5
What is the units digit of 831?
1
What is the tens digit of 1421?
2
What is the ten thousands digit of 88011?
8
What is the units digit of 885?
5
What is the hundreds digit of 279?
2
What is the hundreds digit of 269?
2
What is the hundreds digit of 8156?
1
What is the tens digit of 11914?
1
What is the units digit of 7988?
8
What is the tens digit of 2089?
8
What is the units digit of 102058?
8
What is the tens digit of 1142?
4
What is the thousands digit of 33094?
3
What is the thousands digit of 6463?
6
What is the tens digit of 1800?
0
What is the hundreds digit of 107852?
8
What is the ten thousands digit of 177143?
7
What is the hundreds digit of 3020?
0
What is the units digit of 166?
6
What is the tens digit of 2616?
1
What is the hundreds digit of 45111?
1
What is the hundreds digit of 17226?
2
What is the hundreds digit of 4072?
0
What is the tens digit of 928?
2
What is the units digit of 3851?
1
What is the thousands digit of 53634?
3
What is the tens digit of 52713?
1
What is the units digit of 4862?
2
What is the tens digit of 4983?
8
What is the tens digit of 819?
1
What is the thousands digit of 4279?
4
What is the hundreds digit of 24908?
9
What is the units digit of 4035?
5
What is the tens digit of 5748?
4
What is the tens digit of 291?
9
What is the ten thousands digit of 24068?
2
What is the tens digit of 1600?
0
What is the thousands digit of 1220?
1
What is the hundreds digit of 3595?
5
What is the units digit of 2545?
5
What is the thousands digit of 1844?
1
What is the ten thousands digit of 57535?
5
What is the hundreds digit of 2452?
4
What is the thousands digit of 1905?
1
What is the hundreds digit of 5221?
2
What is the hundreds digit of 721?
7
What is the thousands digit of 4595?
4
What is the hundreds digit of 2380?
3
What is the tens digit of 1933?
3
What is the tens digit of 135089?
8
What is the tens digit of 997?
9
What is the tens digit of 4167?
6
What is the tens digit of 2791?
9
What is the units digit of 5555?
5
What is the hundreds digit of 1452?
4
What is the units digit of 1280?
0
What is the ten thousands digit of 36452?
3
What is the hundreds digit of 806?
8
What is the units digit of 91207?
7
What is the units digit of 1534?
4
What is the thousands digit of 5899?
5
What is the units digit of 2981?
1
What is the units digit of 307?
7
What is the thousands digit of 49064?
9
What is the hundreds digit of 13215?
2
What is the thousands digit of 2029?
2
What is the tens digit of 17759?
5
What is the tens digit of 52547?
4
What is the units digit of 4408?
8
What is the tens digit of 39989?
8
What is the tens digit of 7173?
7
What is the ten thousands digit of 59293?
5
What is the hundreds digit of 25944?
9
What is the hundreds digit of 2640?
6
What is the thousands digit of 33124?
3
What is the tens digit of 2018?
1
What is the units digit of 1740?
0
What is the thousands digit of 6137?
6
What is the thousands digit of 29547?
9
What is the tens digit of 960?
6
What is the ten thousands digit of 28407?
2
What is the hundreds digit of 2305?
3
What is the thousands digit of 16976?
6
What is the hundreds digit of 116090?
0
What is the ten thousands digit of 64751?
6
What is the thousands digit of 19806?
9
What is the tens digit of 6751?
5
What is the hundreds digit of 5906?
9
What is the thousands digit of 7051?
7
What is the units digit of 43102?
2
What is the units digit of 1201?
1
What is the units digit of 7868?
8
What is the units digit of 14935?
5
What is the thousands digit of 17174?
7
What is the hundreds digit of 3342?
3
What is the units digit of 48680?
0
What is the hundreds digit of 45734?
7
What is the tens digit of 1866?
6
What is the thousands digit of 4034?
4
What is the units digit of 3774?
4
What is the hundreds digit of 2030?
0
What is the tens digit of 87171?
7
What is the units digit of 454?
4
What is the ten thousands digit of 101847?
0
What is the thousands digit of 8219?
8
What is the thousands digit of 5456?
5
What is the tens digit of 13782?
8
What is the units digit of 4308?
8
What is the tens digit of 2208?
0
What is the tens digit of 1206?
0
What is the hundreds digit of 230?
2
What is the units digit of 875?
5
What is the tens digit of 23125?
2
What is the tens digit of 15056?
5
What is the ten thousands digit of 73564?
7
What is the units digit of 47937?
7
What is the thousands digit of 2513?
2
What is the tens digit of 67798?
9
What is the hundreds digit of 423?
4
What is the ten thousands digit of 17493?
1
What is the ten thousands digit of 26676?
2
What is the units digit of 327?
7
What is the hundreds digit of 90938?
9
What is the units digit of 1454?
4
What is the thousands digit of 3919?
3
What is the ten thousands digit of 12176?
1
What is the units digit of 59363?
3
What is the tens digit of 1186?
8
What is the thousands digit of 1875?
1
What is the units digit of 173?
3
What is the hundreds digit of 989?
9
What is the ten thousands digit of 75529?
7
What is the hundreds digit of 633?
6
What is the tens digit of 2071?
7
What is the units digit of 20?
0
What is the units digit of 12110?
0
What is the tens digit of 25903?
0
What is the units digit of 462?
2
What is the units digit of 10387?
7
What is the thousands digit of 2289?
2
What is the tens digit of 2080?
8
What is the thousands digit of 14015?
4
What is the hundreds digit of 14406?
4
What is the units digit of 13142?
2
What is the units digit of 1971?
1
What is the thousands digit of 3056?
3
What is the units digit of 4182?
2
What is the thousands digit of 34835?
4
What is the tens digit of 1563?
6
What is the units digit of 1005?
5
What is the units digit of 4468?
8
What is the units digit of 8?
8
What is the units digit of 15073?
3
What is the tens digit of 187?
8
What is the hundreds digit of 8893?
8
What is the tens digit of 819?
1
What is the units digit of 4446?
6
What is the hundreds digit of 5879?
8
What is the hundreds digit of 381?
3
What is the hundreds digit of 1298?
2
What is the thousands digit of 43091?
3
What is the ten thousands digit of 11356?
1
What is the units digit of 817?
7
What is the hundreds digit of 1085?
0
What is the thousands digit of 5344?
5
What is the tens digit of 89213?
1
What is the tens digit of 21100?
0
What is the units digit of 51077?
7
What is the tens digit of 66264?
6
What is the hundreds digit of 1834?
8
What is the units digit of 8458?
8
What is the units digit of 474?
4
What is the ten thousands digit of 26467?
2
What is the thousands digit of 7706?
7
What is the hundreds digit of 537?
5
What is the thousands digit of 57678?
7
What is the tens digit of 3573?
7
What is the units digit of 562?
2
What is the thousands digit of 52173?
2
What is the tens digit of 4369?
6
What is the units digit of 6089?
9
What is the units digit of 895?
5
What is the hundreds digit of 5700?
7
What is the units digit of 263?
3
What is the tens digit of 4098?
9
What is the hundreds digit of 521?
5
What is the hundreds digit of 6401?
4
What is the hundreds digit of 19052?
0
What is the tens digit of 481?
8
What is the tens digit of 22560?
6
What is the hundreds digit of 6758?
7
What is the units digit of 956?
6
What i